{"id":2824,"date":"2023-09-26T10:57:09","date_gmt":"2023-09-26T14:57:09","guid":{"rendered":"https:\/\/humanidades.uprrp.edu\/asuntosestudiantiles\/?page_id=2824"},"modified":"2024-10-11T15:27:24","modified_gmt":"2024-10-11T19:27:24","slug":"secuencias-curriculares-sugeridas","status":"publish","type":"page","link":"https:\/\/humanidades.uprrp.edu\/asuntosestudiantiles\/secuencias-curriculares-sugeridas\/","title":{"rendered":"Secuencias Curriculares Sugeridas"},"content":{"rendered":"\n<h4 class=\"wp-block-heading\"><strong>Bachillerato en Artes Pl\u00e1sticas con \u00e1reas de \u00e9nfasis en:<\/strong><\/h4>\n\n\n\n<ul class=\"wp-block-list\">\n<li><a href=\"https:\/\/drive.google.com\/file\/d\/16B29hONtiLALKlmDbkygWJI8KEni7Y_a\/view?usp=sharing\">Dise\u00f1o y Tecnolog\u00edas de la Imagen<\/a><\/li>\n\n\n\n<li><a href=\"https:\/\/drive.google.com\/file\/d\/1PA-t5dxG152Au16pGzJN0HCFUB4B1Gya\/view?usp=sharing\">Practicas de las Artes Pl\u00e1sticas Contempor\u00e1neas<\/a><\/li>\n<\/ul>\n\n\n\n<h4 class=\"wp-block-heading\"><strong>Bachillerato en Drama con \u00e1reas de \u00e9nfasis en:<\/strong><\/h4>\n\n\n\n<ul class=\"wp-block-list\">\n<li><a href=\"https:\/\/drive.google.com\/file\/d\/1ue_lSEm0JY4hLkjNhwuUZETQVIWLXMeO\/view?usp=drive_link\">Actuaci\u00f3n<\/a><\/li>\n\n\n\n<li><a href=\"https:\/\/drive.google.com\/file\/d\/1CMj8KQgu8Rh7tZ1FbWKTFrESHDiN75ib\/view?usp=drive_link\">Dise\u00f1o y T\u00e9cnica Teatral<\/a><\/li>\n\n\n\n<li> <a href=\"https:\/\/drive.google.com\/file\/d\/187MYcrbKY_2yaU58GhxcCp8AEjaoomnQ\/view?usp=drive_link\">Drama General<\/a><\/li>\n\n\n\n<li><a href=\"https:\/\/drive.google.com\/file\/d\/1Pw8O3y-SufeXm-MHtjIGnvdju6Qu5-2p\/view?usp=drive_link\">Historia, Literatura y Teor\u00eda Dram\u00e1tica<\/a><\/li>\n<\/ul>\n\n\n\n<h4 class=\"wp-block-heading\"><strong>Bachillerato en Estudios Hisp\u00e1nicos con \u00e1reas de \u00e9nfasis en:<\/strong><\/h4>\n\n\n\n<ul class=\"wp-block-list\">\n<li><a href=\"https:\/\/drive.google.com\/file\/d\/13aLtvghUgy4FOfZYX5Y5LcUSMARwm5Xl\/view?usp=drive_link\">Estudios Hisp\u00e1nicos General<\/a><\/li>\n\n\n\n<li><a href=\"https:\/\/drive.google.com\/file\/d\/1lxVm4BOsfDcjrYUIewwUJmaAXruUyn82\/view?usp=drive_link\">Ling\u00fc\u00edstica Hisp\u00e1nica<\/a><\/li>\n\n\n\n<li><a href=\"https:\/\/drive.google.com\/file\/d\/1he0WnLyDwDCcDWvlYGUSoUe772AFuBkk\/view?usp=drive_link\">Literatura Espa\u00f1ola<\/a><\/li>\n\n\n\n<li><a href=\"https:\/\/drive.google.com\/file\/d\/1vfgTUcShqEXLqW_6DcjXm4Lk4RS4Tgjj\/view?usp=drive_link\">Literatura Hispanoamericana\/Puertorrique\u00f1a<\/a><\/li>\n<\/ul>\n\n\n\n<h4 class=\"wp-block-heading\"><strong>Bachillerato en Estudios Interdisciplinarios con \u00e1reas de \u00e9nfasis en:<\/strong><\/h4>\n\n\n\n<ul class=\"wp-block-list\">\n<li><a href=\"https:\/\/drive.google.com\/file\/d\/1B9IUS00m0O9bulM_Dg_yhRLvP3I7aFU5\/view?usp=drive_link\">Estudios de Cine y Audiovisual<\/a><\/li>\n\n\n\n<li><a href=\"https:\/\/drive.google.com\/file\/d\/1AQvXbylIIg7owKy4cLAihiBaiStp2tYj\/view?usp=drive_link\">Estudios en Escritura Creativa <\/a><\/li>\n\n\n\n<li><a href=\"https:\/\/drive.google.com\/file\/d\/1c4-WayCGTQbChBzB8KcCfRV8xHFMmtsJ\/view?usp=drive_link\">Estudios Individualizados <\/a><\/li>\n\n\n\n<li><a href=\"https:\/\/drive.google.com\/file\/d\/1JtYgWQrJOv-09D4jdnDtAZWBauhx4-Go\/view?usp=drive_link\">Estudios Prejur\u00eddicos <\/a><\/li>\n<\/ul>\n\n\n\n<h4 class=\"wp-block-heading\"><strong>Bachillerato en Filosof\u00eda<\/strong><\/h4>\n\n\n\n<ul class=\"wp-block-list\">\n<li><a href=\"https:\/\/drive.google.com\/file\/d\/1Tgr_xoOOrvpy92KDd4XI-eHRA2D27jy7\/view?usp=drive_link\">Filosof\u00eda <\/a><\/li>\n<\/ul>\n\n\n\n<h4 class=\"wp-block-heading\"><strong>Bachillerato en Historia<\/strong><\/h4>\n\n\n\n<ul class=\"wp-block-list\">\n<li><a href=\"https:\/\/drive.google.com\/file\/d\/1MGmEH5GSRSQls_Wm8ybhrZzHlVx5mD10\/view?usp=drive_link\">Historia <\/a><\/li>\n<\/ul>\n\n\n\n<h4 class=\"wp-block-heading\"><strong>Bachillerato en Historia del Arte con \u00e1reas de \u00e9nfasis en:<\/strong><\/h4>\n\n\n\n<ul class=\"wp-block-list\">\n<li><a href=\"https:\/\/drive.google.com\/file\/d\/1VSspGLBuu8stBsfo7cXHM_ZZstR9x9es\/view?usp=drive_link\">Arte del Caribe y Am\u00e9rica Latina<\/a><\/li>\n\n\n\n<li><a href=\"https:\/\/drive.google.com\/file\/d\/1E1O6OXV3WvroqOVENXn0LV1vIHOYPEsc\/view?usp=drive_link\">Historia General del Arte Occidental<\/a><\/li>\n<\/ul>\n\n\n\n<h4 class=\"wp-block-heading\"><strong>Bachillerato en Ingl\u00e9s:<\/strong><\/h4>\n\n\n\n<ul class=\"wp-block-list\">\n<li><a href=\"https:\/\/drive.google.com\/file\/d\/1xXNcI2MMKQbtXJV_esIy7u4yccPWBmbb\/view?usp=drive_link\">Ling\u00fc\u00edstica y Comunicaci\u00f3n en Ingl\u00e9s <\/a><\/li>\n\n\n\n<li><a href=\"https:\/\/drive.google.com\/file\/d\/1vLmI6kDrrYPvSlO_QQ0clfydKQe7x0lh\/view?usp=drive_link\">Literatura en Ingl\u00e9s <\/a><\/li>\n<\/ul>\n\n\n\n<h4 class=\"wp-block-heading\"><strong>Bachillerato en Lenguas Modernas con \u00e1reas de \u00e9nfasis en:<\/strong><\/h4>\n\n\n\n<ul class=\"wp-block-list\">\n<li><a href=\"https:\/\/drive.google.com\/file\/d\/1aH4sDBhmG2rB0ePIrWut-LkF4G2szmQS\/view?usp=drive_link\">Dos Lenguas<\/a> (escoger entre: Franc\u00e9s, Italiano, Portugu\u00e9s, Alem\u00e1n o Chino)<\/li>\n\n\n\n<li><a href=\"https:\/\/drive.google.com\/file\/d\/1vMFNvqrqdaEluc8R3P7OlVGuEoz3EoT3\/view?usp=drive_link\">Estudios Franceses y Franc\u00f3fonos<\/a><\/li>\n\n\n\n<li><a href=\"https:\/\/drive.google.com\/file\/d\/1xonbV0dT2VU9RvZzS9rsBEK8fU3N_fOv\/view?usp=drive_link\">Estudios Italianos<\/a><\/li>\n\n\n\n<li><a href=\"https:\/\/drive.google.com\/file\/d\/1OAp1AgXx8HxGGjjoRDQ7tzbiL0u-qpB5\/view?usp=drive_link\">Estudios Lus\u00f3fonos<\/a><\/li>\n<\/ul>\n\n\n\n<h4 class=\"wp-block-heading\"><strong>Bachillerato en Literatura Comparada<\/strong><\/h4>\n\n\n\n<ul class=\"wp-block-list\">\n<li><a href=\"https:\/\/drive.google.com\/file\/d\/1SSv2NUzFDax0LULKx8M2-BXuvqzhHqfi\/view?usp=drive_link\">Literatura Comparada <\/a><\/li>\n<\/ul>\n\n\n\n<h4 class=\"wp-block-heading\"><strong>Bachillerato en M\u00fasica<\/strong><\/h4>\n\n\n\n<ul class=\"wp-block-list\">\n<li><a href=\"https:\/\/drive.google.com\/file\/d\/1hV-S_z6DgGMhX_7TivajX7WpklTnRF3U\/view?usp=drive_link\">M\u00fasica<\/a><\/li>\n<\/ul>\n","protected":false},"excerpt":{"rendered":"<p>Bachillerato en Artes Pl\u00e1sticas con \u00e1reas de \u00e9nfasis en: Bachillerato en Drama con \u00e1reas de \u00e9nfasis en: Bachillerato en Estudios Hisp\u00e1nicos con \u00e1reas de \u00e9nfasis en: Bachillerato en Estudios Interdisciplinarios con \u00e1reas de \u00e9nfasis en: Bachillerato en Filosof\u00eda Bachillerato en Historia Bachillerato en Historia del Arte con \u00e1reas de \u00e9nfasis &#8230;<\/p>\n","protected":false},"author":3,"featured_media":0,"parent":0,"menu_order":0,"comment_status":"closed","ping_status":"closed","template":"","meta":{"footnotes":""},"class_list":["post-2824","page","type-page","status-publish","hentry","column","onecol"],"_links":{"self":[{"href":"https:\/\/humanidades.uprrp.edu\/asuntosestudiantiles\/wp-json\/wp\/v2\/pages\/2824","targetHints":{"allow":["GET"]}}],"collection":[{"href":"https:\/\/humanidades.uprrp.edu\/asuntosestudiantiles\/wp-json\/wp\/v2\/pages"}],"about":[{"href":"https:\/\/humanidades.uprrp.edu\/asuntosestudiantiles\/wp-json\/wp\/v2\/types\/page"}],"author":[{"embeddable":true,"href":"https:\/\/humanidades.uprrp.edu\/asuntosestudiantiles\/wp-json\/wp\/v2\/users\/3"}],"replies":[{"embeddable":true,"href":"https:\/\/humanidades.uprrp.edu\/asuntosestudiantiles\/wp-json\/wp\/v2\/comments?post=2824"}],"version-history":[{"count":19,"href":"https:\/\/humanidades.uprrp.edu\/asuntosestudiantiles\/wp-json\/wp\/v2\/pages\/2824\/revisions"}],"predecessor-version":[{"id":2916,"href":"https:\/\/humanidades.uprrp.edu\/asuntosestudiantiles\/wp-json\/wp\/v2\/pages\/2824\/revisions\/2916"}],"wp:attachment":[{"href":"https:\/\/humanidades.uprrp.edu\/asuntosestudiantiles\/wp-json\/wp\/v2\/media?parent=2824"}],"curies":[{"name":"wp","href":"https:\/\/api.w.org\/{rel}","templated":true}]}}