{"id":2700,"date":"2021-04-27T13:55:41","date_gmt":"2021-04-27T17:55:41","guid":{"rendered":"https:\/\/humanidades.uprrp.edu\/asuntosestudiantiles\/?page_id=2700"},"modified":"2022-12-08T15:40:54","modified_gmt":"2022-12-08T19:40:54","slug":"listado-de-cursos-para-el-componente-de-educacion-general","status":"publish","type":"page","link":"https:\/\/humanidades.uprrp.edu\/asuntosestudiantiles\/listado-de-cursos-para-el-componente-de-educacion-general\/","title":{"rendered":"Listado de cursos para el componente de Educaci\u00f3n General"},"content":{"rendered":"\n<p><a href=\"https:\/\/academicos.uprrp.edu\/wp-content\/uploads\/2022\/12\/Req-Arte-Educacion-General-diciembre-2022-con-ocr.pdf\">Cursos de Arte<\/a><\/p>\n\n\n\n<p><a href=\"https:\/\/academicos.uprrp.edu\/wp-content\/uploads\/2015\/11\/Ciencias-Naturales-noviembre-20161.pdf\">Cursos de Ciencias Naturales<\/a><\/p>\n\n\n\n<p><a href=\"https:\/\/academicos.uprrp.edu\/wp-content\/uploads\/2021\/02\/Literatura-Febrero-2021.pdf\">Cursos de Literatura<\/a><\/p>\n\n\n\n<p><a href=\"https:\/\/academicos.uprrp.edu\/wp-content\/uploads\/2015\/11\/Logico-Matematico-mayo-2016.docx.pdf\">Cursos de Pensamiento L\u00f3gico Matem\u00e1tico<\/a><\/p>\n\n\n\n<p><a href=\"https:\/\/academicos.uprrp.edu\/wp-content\/uploads\/2021\/02\/Humanidades-Febrero-2021.pdf\">Cursos de Humanidades<\/a><\/p>\n\n\n\n<p><a href=\"https:\/\/academicos.uprrp.edu\/wp-content\/uploads\/2015\/11\/Espa%C3%B1ol-mayo-2016.docx.pdf\">Cursos de Espa\u00f1ol<\/a><\/p>\n\n\n\n<p><a href=\"https:\/\/academicos.uprrp.edu\/wp-content\/uploads\/2015\/11\/Ingles-mayo-2016.docx.pdf\">Cursos de Ingl\u00e9s<\/a><\/p>\n","protected":false},"excerpt":{"rendered":"<p>Cursos de Arte Cursos de Ciencias Naturales Cursos de Literatura Cursos de Pensamiento L\u00f3gico Matem\u00e1tico Cursos de Humanidades Cursos de Espa\u00f1ol Cursos de Ingl\u00e9s<\/p>\n","protected":false},"author":3,"featured_media":0,"parent":0,"menu_order":0,"comment_status":"closed","ping_status":"closed","template":"","meta":{"footnotes":""},"class_list":["post-2700","page","type-page","status-publish","hentry","column","onecol"],"_links":{"self":[{"href":"https:\/\/humanidades.uprrp.edu\/asuntosestudiantiles\/wp-json\/wp\/v2\/pages\/2700","targetHints":{"allow":["GET"]}}],"collection":[{"href":"https:\/\/humanidades.uprrp.edu\/asuntosestudiantiles\/wp-json\/wp\/v2\/pages"}],"about":[{"href":"https:\/\/humanidades.uprrp.edu\/asuntosestudiantiles\/wp-json\/wp\/v2\/types\/page"}],"author":[{"embeddable":true,"href":"https:\/\/humanidades.uprrp.edu\/asuntosestudiantiles\/wp-json\/wp\/v2\/users\/3"}],"replies":[{"embeddable":true,"href":"https:\/\/humanidades.uprrp.edu\/asuntosestudiantiles\/wp-json\/wp\/v2\/comments?post=2700"}],"version-history":[{"count":2,"href":"https:\/\/humanidades.uprrp.edu\/asuntosestudiantiles\/wp-json\/wp\/v2\/pages\/2700\/revisions"}],"predecessor-version":[{"id":2798,"href":"https:\/\/humanidades.uprrp.edu\/asuntosestudiantiles\/wp-json\/wp\/v2\/pages\/2700\/revisions\/2798"}],"wp:attachment":[{"href":"https:\/\/humanidades.uprrp.edu\/asuntosestudiantiles\/wp-json\/wp\/v2\/media?parent=2700"}],"curies":[{"name":"wp","href":"https:\/\/api.w.org\/{rel}","templated":true}]}}